 10, what is 353 - 0?
353
In base 12, what is -3 - 1?
-4
In base 16, what is 2b - 1d?
e
In base 9, what is -2 + -27?
-30
In base 4, what is -1 - 12013?
-12020
In base 3, what is 2 + 1201?
1210
In base 6, what is 1550 + 11?
2001
In base 6, what is 5 - -15213?
15222
In base 4, what is 2 + 21?
23
In base 9, what is 3 - 486?
-483
In base 4, what is -23233 + 13?
-23220
In base 2, what is -1100 - 11101?
-101001
In base 13, what is -3 + -3c?
-42
In base 14, what is -17 + -25?
-3c
In base 12, what is 0 + 34?
34
In base 15, what is -16 - -1?
-15
In base 16, what is 13 - -107?
11a
In base 7, what is 4 - -211?
215
In base 13, what is 783 + 12?
795
In base 5, what is 2203 - -3?
2211
In base 11, what is 9 + -59?
-50
In base 15, what is -3d + 0?
-3d
In base 7, what is -163 - -56?
-104
In base 2, what is -1011000 + 1111000?
100000
In base 7, what is -235 - 21?
-256
In base 8, what is -1464 - 1?
-1465
In base 5, what is -10 + 1200?
1140
In base 11, what is -3 - -88?
85
In base 13, what is b0 - 17?
96
In base 5, what is 14031 - 4?
14022
In base 14, what is -45 - -4?
-41
In base 5, what is 4033 - 3?
4030
In base 6, what is 4 + 2323?
2331
In base 3, what is 222 - 1100?
-101
In base 3, what is 2 - 22211?
-22202
In base 16, what is -2 + -1a?
-1c
In base 13, what is -a62 - -3?
-a5c
In base 7, what is 2004 - -1?
2005
In base 11, what is 206 + 10?
216
In base 11, what is -1 + 16?
15
In base 7, what is 25 - -32?
60
In base 15, what is -1 - -1ad?
1ac
In base 6, what is -145 - 454?
-1043
In base 9, what is -21 + 12?
-8
In base 2, what is -10010100010 + -100?
-10010100110
In base 13, what is 35 + 599?
601
In base 7, what is -1 + -11414?
-11415
In base 10, what is 880 - -4?
884
In base 5, what is 10 - -40304?
40314
In base 15, what is -3 - -1b05?
1b02
In base 8, what is -5143 + -3?
-5146
In base 16, what is -1ab2 + 2?
-1ab0
In base 10, what is -163 - -21?
-142
In base 9, what is 31007 + -4?
31003
In base 2, what is 100000 + -11110?
10
In base 15, what is -eca - -4?
-ec6
In base 9, what is 330 + -4?
325
In base 15, what is -a + -16?
-21
In base 4, what is -1310213 + -11?
-1310230
In base 15, what is -1 + -896?
-897
In base 7, what is -55 + -52?
-140
In base 8, what is 66507 - 1?
66506
In base 5, what is -330 + -23?
-403
In base 4, what is -20121 - -3?
-20112
In base 8, what is 35 - -320?
355
In base 6, what is 21 + -12?
5
In base 2, what is -101101010110 + 11?
-101101010011
In base 9, what is 405 + -15?
380
In base 11, what is 38 - -19?
56
In base 5, what is 4101 - 1?
4100
In base 5, what is 40324 + -1?
40323
In base 12, what is 30 - 0?
30
In base 5, what is 4110 + -1?
4104
In base 2, what is 10001000110 + -11?
10001000011
In base 15, what is -1 + 7?
6
In base 13, what is -4 + -862?
-866
In base 16, what is -273 - -1?
-272
In base 4, what is 3 + -112?
-103
In base 6, what is -15502 + 1?
-15501
In base 13, what is -15ba - -1?
-15b9
In base 4, what is -1 - -101?
100
In base 7, what is -64 + -4?
-101
In base 3, what is 11 + -111010?
-110222
In base 10, what is -80 - -17?
-63
In base 12, what is -7 - -11?
6
In base 3, what is -2 - 1?
-10
In base 3, what is -11 - -200022?
200011
In base 3, what is 20202021 - -1?
20202022
In base 4, what is 10330 + -10?
10320
In base 14, what is -9 + 14?
9
In base 15, what is 4 + -7a?
-76
In base 11, what is 1 - -653?
654
In base 7, what is -453 - -4?
-446
In base 7, what is 4 - 26?
-22
In base 7, what is -4 + 142?
135
In base 10, what is 25 - -80?
105
In base 8, what is 36500 + -3?
36475
In base 8, what is -155 - 0?
-155
In base 3, what is 20 + -1002?
-212
In base 7, what is -3 - 446?
-452
In base 4, what is 230 - -110?
1000
In base 9, what is 37 - 18?
18
In base 16, what is -6 + -152?
-158
In base 16, what is -e - 11?
-1f
In base 16, what is -3 + -21d?
-220
In base 14, what is 18d0 - 0?
18d0
In base 13, what is 1 + -9b5?
-9b4
In base 9, what is 0 + -1114?
-1114
In base 16, what is -1 + -3?
-4
In base 16, what is -8 - -7?
-1
In base 2, what is -110011 + 110?
-101101
In base 13, what is -2329 + -3?
-232c
In base 8, what is 47022 + 5?
47027
In base 3, what is -12111121 - -12?
-12111102
In base 7, what is -5 + 2?
-3
In base 8, what is 2716 + -1?
2715
In base 10, what is -26 - 13?
-39
In base 3, what is 2211222 + -10?
2211212
In base 6, what is 1011 - -105?
1120
In base 15, what is -5 + 68?
63
In base 7, what is 1 - 165?
-164
In base 12, what is -3247 - 1?
-3248
In base 16, what is -4 - 59?
-5d
In base 3, what is 1020200 + 2?
1020202
In base 14, what is 34 + -146?
-112
In base 15, what is -178 + 8?
-170
In base 14, what is -4 + -19?
-1d
In base 13, what is -608 + 6?
-602
In base 6, what is -4 + 1?
-3
In base 6, what is 1 + 1035?
1040
In base 6, what is -5 + 205?
200
In base 4, what is 1 + -1022333?
-1022332
In base 5, what is 2113 + 3?
2121
In base 8, what is 6 - 3066?
-3060
In base 7, what is -4 + 113?
106
In base 5, what is -210 + -1442?
-2202
In base 2, what is 10111001 + -1?
10111000
In base 13, what is -3 - 41?
-44
In base 11, what is 38 - 4?
34
In base 11, what is 1392 - -2?
1394
In base 10, what is 37 + 3?
40
In base 9, what is -172 + -5?
-177
In base 13, what is 2 + 162?
164
In base 12, what is 110 + 51?
161
In base 2, what is -100 + -1100001?
-1100101
In base 11, what is -11 - -93a?
929
In base 4, what is -10 - -32310?
32300
In base 10, what is -5 - 41?
-46
In base 6, what is -14 + -1542?
-2000
In base 4, what is -20331 - -2?
-20323
In base 8, what is 5 + -47?
-42
In base 9, what is -2 + -446?
-448
In base 14, what is 0 - -14?
14
In base 3, what is -12 + 10011?
2222
In base 6, what is -4 + -234?
-242
In base 8, what is 0 - -66?
66
In base 12, what is 4 - -108?
110
In base 8, what is 266 - 10?
256
In base 6, what is 33332 - 2?
33330
In base 10, what is 369 + 2?
371
In base 12, what is 1b60 + -4?
1b58
In base 10, what is -45 + 176?
131
In base 14, what is 5 + 7d?
84
In base 6, what is 2 - -4024?
4030
In base 7, what is -5 - 3656?
-3664
In base 9, what is -1066 - 10?
-1076
In base 13, what is 2c - -50?
7c
In base 16, what is 1c17 + 5?
1c1c
In base 12, what is -212 - 5?
-217
In base 16, what is 1ec - 10?
1dc
In base 4, what is 10 + 3?
13
In base 6, what is -100 + 43?
-13
In base 7, what is -42060 + 3?
-42054
In base 12, what is 1 - -449?
44a
In base 7, what is 5 - 343?
-335
In base 4, what is 102120 - 3?
102111
In base 7, what is -34045 - -5?
-34040
In base 3, what is -121 + -2020?
-2211
In base 15, what is -3c - -1?
-3b
In base 4, what is -1301322 - 2?
-1301330
In base 4, what is -101320 + -1?
-101321
In base 15, what is 2 - 14?
-12
In base 4, what is -3 - 2200?
-2203
In base 7, what is 1 - -35?
36
In base 13, what is 7 - 2ca?
-2c3
In base 14, what is 1c + 133?
151
In base 9, what is 268 + 10?
278
In base 6, what is 44 + -55?
-11
In base 14, what is 873 + 5?
878
In base 13, what is -89 + -8?
-94
In base 4, what is -1303 + -2?
-1311
In base 15, what is 13de - -4?
13e3
In base 9, what is -11748 - 4?
-11753
In base 4, what is 3301010 + -11?
3300333
In base 3, what is -22 + -200010?
-200102
In base 6, what is 5 + 121?
130
In base 2, what is -1 - 1010011111?
-1010100000
In base 8, what is 4 - 617?
-613
In base 15, what is -d65 + -1?
-d66
In base 16, what is -14 + -64?
-78
In base 3, what is -202 - 0?
-202
In base 8, what is 123 + 3?
126
In base 3, what is -21022 + 10?
-21012
In base 5, what is 1124 - -10?
1134
In base 12, what is -2 - -24b?
249
In base 14, what is -1 + -106?
-107
In base 14, what is -72 - 9?
-7b
In base 8, what is -2 + -2715?
-2717
In base 5, what is 10 - 41104?
-41044
In base 11, what is 705 - 1?
704
In base 11, what is -50 + 0?
-50
In base 12, what is 15 - 11?
4
In base 9, what is -83 + 5?
-77
In base 13, what is 56 + 157?
1b0
In base 9, what is -15460 + 0?
-15460
In base 14, what is -a - -22?
16
In base 16, what is -16 - 22?
-38
In base 9, what is -10 + -5?
-15
In base 8, what is 136 - 2?
134
In base 2, what is -1000 - 110?
-1110
In base 6, what is 0 - 5?
-5
In base 14, what is 1618 + -5?
1613
In base 10, what is 319 + 11?
330
In base 12, what is -a - 34?
-42
In base 12, what is -3 - -32?
2b
In base 13, what is -8 - -7?
-1
In base 3, what is 1 + 12002201?
12002202
In base 2, what is 10110 - 0?
10110
In base 14, what is 48 + b?
55
In base 11, what is -a05 + -1?
-a06
In base 5, what is 22 - -221?
243
In base 14, what is -4 -